{"id":14,"date":"2026-02-08T12:29:59","date_gmt":"2026-02-08T11:29:59","guid":{"rendered":"https:\/\/motostartup.pl\/?page_id=14"},"modified":"2026-04-17T19:59:29","modified_gmt":"2026-04-17T17:59:29","slug":"kontakt","status":"publish","type":"page","link":"https:\/\/motostartup.pl\/index.php\/kontakt\/","title":{"rendered":"Kontakt"},"content":{"rendered":"\r\n<div class=\"wp-block-group\" style=\"padding-top:10px;padding-bottom:40px;\"><div class=\"wp-block-group__inner-container is-layout-constrained wp-block-group-is-layout-constrained\">\r\n\r\n\t\r\n\t<h2 class=\"wp-block-heading has-text-align-left has-xx-large-font-size\">Jak si\u0119 z nami skontaktowa\u0107<\/h2>\r\n\t\r\n\r\n\t\r\n\t<p><strong>Masz pytania dotycz\u0105ce dzia\u0142alno\u015bci stowarzyszenia, Klubu MOTO START UP lub M\u0142odzie\u017cowej Ligi Seicento? Skontaktuj si\u0119 z nami \u2014 ch\u0119tnie pomo\u017cemy.<\/strong><\/p>\r\n\t\r\n\r\n\t\r\n\t<div class=\"wp-block-columns contact-layout is-layout-flex wp-container-core-columns-is-layout-9d6595d7 wp-block-columns-is-layout-flex\">\r\n\r\n\t\t\r\n\t\t<div class=\"wp-block-column contact-card contact-card-main is-layout-flow wp-block-column-is-layout-flow\" style=\"flex-basis:60%\">\r\n\t\t\t\r\n\t\t\t<h3 class=\"wp-block-heading has-medium-font-size\">E-mail i adres<\/h3>\r\n\t\t\t\r\n\r\n\t\t\t\r\n\t\t\t<p><a href=\"mailto:klub@motostartup.pl\">klub@motostartup.pl<\/a><br><a href=\"mailto:biuro@motostartup.pl\">biuro@motostartup.pl<\/a><\/p>\r\n\t\t\t\r\n\r\n\t\t\t\r\n\t\t\t<p>Stowarzyszenie MOTO START UP<br>ul. Le\u015bna dz. nr 1<br>J\u00f3zef\u00f3w, gm. Niepor\u0119t<br>05-119 Legionowo<\/p>\r\n\t\t\t\r\n\t\t<\/div>\r\n\t\t\r\n\r\n\t\t\r\n\t\t<div class=\"wp-block-column contact-stack is-layout-flow wp-block-column-is-layout-flow\" style=\"flex-basis:40%\">\r\n\r\n\t\t\t\r\n\t\t\t<div class=\"wp-block-group contact-card contact-card-small\"><div class=\"wp-block-group__inner-container is-layout-constrained wp-block-group-is-layout-constrained\">\r\n\t\t\t\t\r\n\t\t\t\t<h3 class=\"wp-block-heading has-medium-font-size\">Social media<\/h3>\r\n\t\t\t\t\r\n\r\n\t\t\t\t\r\n\t\t\t\t<p><a href=\"https:\/\/www.facebook.com\/profile.php?id=61586386024977\" target=\"_blank\" rel=\"noreferrer noopener\">Facebook Moto Startup<\/a><\/p>\r\n\t\t\t\t\r\n\t\t\t<\/div><\/div>\r\n\t\t\t\r\n\r\n\t\t\t\r\n\t\t\t<div class=\"wp-block-group contact-card contact-card-small\"><div class=\"wp-block-group__inner-container is-layout-constrained wp-block-group-is-layout-constrained\">\r\n\t\t\t\t\r\n\t\t\t\t<h3 class=\"wp-block-heading has-medium-font-size\">Dane rejestrowe<\/h3>\r\n\t\t\t\t\r\n\r\n\t\t\t\t\r\n\t\t\t\t<p>NIP 5361998465<br>REGON 543959699<br>KRS 0001233259<\/p>\r\n\t\t\t\t\r\n\t\t\t<\/div><\/div>\r\n\t\t\t\r\n\r\n\t\t<\/div>\r\n\t\t\r\n\r\n\t<\/div>\r\n\t\r\n\r\n\t\r\n\t<div class=\"wp-block-group contact-account-box\" style=\"margin-top:30px;\"><div class=\"wp-block-group__inner-container is-layout-constrained wp-block-group-is-layout-constrained\">\r\n\t\t\r\n\t\t<h3 class=\"wp-block-heading has-medium-font-size\">Numer konta<\/h3>\r\n\t\t\r\n\r\n\t\t\r\n\t\t<p>NestBank: 47 2530 0008 2090 1089 7083 0001<\/p>\r\n\t\t\r\n\t<\/div><\/div>\r\n\t\r\n\r\n<\/div><\/div>\r\n","protected":false},"excerpt":{"rendered":"<p>Jak si\u0119 z nami skontaktowa\u0107 Masz pytania dotycz\u0105ce dzia\u0142alno\u015bci stowarzyszenia, Klubu MOTO START UP lub M\u0142odzie\u017cowej Ligi Seicento? Skontaktuj si\u0119 z nami \u2014 ch\u0119tnie pomo\u017cemy. E-mail i adres klub@motostartup.plbiuro@motostartup.pl Stowarzyszenie<a href=\"https:\/\/motostartup.pl\/index.php\/kontakt\/\" class=\"more-link\"><span class=\"more-button\">Czytaj wi\u0119cej &#8230;<span class=\"screen-reader-text\">Kontakt<\/span><\/span><\/a><\/p>\n","protected":false},"author":1,"featured_media":269,"parent":0,"menu_order":0,"comment_status":"closed","ping_status":"closed","template":"","meta":{"footnotes":""},"class_list":["post-14","page","type-page","status-publish","has-post-thumbnail","hentry"],"_links":{"self":[{"href":"https:\/\/motostartup.pl\/index.php\/wp-json\/wp\/v2\/pages\/14","targetHints":{"allow":["GET"]}}],"collection":[{"href":"https:\/\/motostartup.pl\/index.php\/wp-json\/wp\/v2\/pages"}],"about":[{"href":"https:\/\/motostartup.pl\/index.php\/wp-json\/wp\/v2\/types\/page"}],"author":[{"embeddable":true,"href":"https:\/\/motostartup.pl\/index.php\/wp-json\/wp\/v2\/users\/1"}],"replies":[{"embeddable":true,"href":"https:\/\/motostartup.pl\/index.php\/wp-json\/wp\/v2\/comments?post=14"}],"version-history":[{"count":12,"href":"https:\/\/motostartup.pl\/index.php\/wp-json\/wp\/v2\/pages\/14\/revisions"}],"predecessor-version":[{"id":403,"href":"https:\/\/motostartup.pl\/index.php\/wp-json\/wp\/v2\/pages\/14\/revisions\/403"}],"wp:featuredmedia":[{"embeddable":true,"href":"https:\/\/motostartup.pl\/index.php\/wp-json\/wp\/v2\/media\/269"}],"wp:attachment":[{"href":"https:\/\/motostartup.pl\/index.php\/wp-json\/wp\/v2\/media?parent=14"}],"curies":[{"name":"wp","href":"https:\/\/api.w.org\/{rel}","templated":true}]}}