{"id":320,"date":"2026-04-17T17:53:35","date_gmt":"2026-04-17T15:53:35","guid":{"rendered":"https:\/\/motostartup.pl\/?page_id=320"},"modified":"2026-04-17T18:07:17","modified_gmt":"2026-04-17T16:07:17","slug":"rozwoj-lokalnych-talentow","status":"publish","type":"page","link":"https:\/\/motostartup.pl\/index.php\/rozwoj-lokalnych-talentow\/","title":{"rendered":"Rozw\u00f3j lokalnych talent\u00f3w"},"content":{"rendered":"<h6>Nasza Misja: Nap\u0119dzamy marzenia, uczymy odpowiedzialno\u015bci.<\/h6>\n","protected":false},"excerpt":{"rendered":"<p>Nasza Misja: Nap\u0119dzamy marzenia, uczymy odpowiedzialno\u015bci.<\/p>\n","protected":false},"author":1,"featured_media":30,"parent":0,"menu_order":0,"comment_status":"closed","ping_status":"closed","template":"","meta":{"footnotes":""},"class_list":["post-320","page","type-page","status-publish","has-post-thumbnail","hentry"],"_links":{"self":[{"href":"https:\/\/motostartup.pl\/index.php\/wp-json\/wp\/v2\/pages\/320","targetHints":{"allow":["GET"]}}],"collection":[{"href":"https:\/\/motostartup.pl\/index.php\/wp-json\/wp\/v2\/pages"}],"about":[{"href":"https:\/\/motostartup.pl\/index.php\/wp-json\/wp\/v2\/types\/page"}],"author":[{"embeddable":true,"href":"https:\/\/motostartup.pl\/index.php\/wp-json\/wp\/v2\/users\/1"}],"replies":[{"embeddable":true,"href":"https:\/\/motostartup.pl\/index.php\/wp-json\/wp\/v2\/comments?post=320"}],"version-history":[{"count":6,"href":"https:\/\/motostartup.pl\/index.php\/wp-json\/wp\/v2\/pages\/320\/revisions"}],"predecessor-version":[{"id":337,"href":"https:\/\/motostartup.pl\/index.php\/wp-json\/wp\/v2\/pages\/320\/revisions\/337"}],"wp:featuredmedia":[{"embeddable":true,"href":"https:\/\/motostartup.pl\/index.php\/wp-json\/wp\/v2\/media\/30"}],"wp:attachment":[{"href":"https:\/\/motostartup.pl\/index.php\/wp-json\/wp\/v2\/media?parent=320"}],"curies":[{"name":"wp","href":"https:\/\/api.w.org\/{rel}","templated":true}]}}